{"id":2277,"date":"2025-03-05T12:45:16","date_gmt":"2025-03-05T12:45:16","guid":{"rendered":"https:\/\/phyto-san.com\/?post_type=product&#038;p=2277"},"modified":"2025-03-06T16:28:08","modified_gmt":"2025-03-06T16:28:08","slug":"attractant-spray","status":"publish","type":"product","link":"https:\/\/phyto-san.com\/?product=attractant-spray","title":{"rendered":"ATTRACTANT SPRAY"},"content":{"rendered":"<div id=\"description1\" class=\"tab-pane fade show active text_profile_paragraphe\" role=\"tabpanel\" aria-labelledby=\"description\">\n<div class=\"contenue_profile_paragraphe\">\n<div id=\"description1\" class=\"tab-pane fade show active text_profile_paragraphe\" role=\"tabpanel\" aria-labelledby=\"description\">\n<div class=\"contenue_profile_paragraphe\">\n<div id=\"description1\" class=\"tab-pane fade show active text_profile_paragraphe\" role=\"tabpanel\" aria-labelledby=\"description\">\n<div class=\"contenue_profile_paragraphe\">\n<div class=\"h-text h-text-component style-754 style-local-1038-c83 position-relative h-element\" data-colibri-id=\"1038-c83\">\n<div class=\"\">\n<div id=\"description1\" class=\"tab-pane fade show active text_profile_paragraphe\" role=\"tabpanel\" aria-labelledby=\"description\">\n<div class=\"contenue_profile_paragraphe\">\n<div id=\"description1\" class=\"tab-pane fade show active text_profile_paragraphe\" role=\"tabpanel\" aria-labelledby=\"description\">\n<div class=\"contenue_profile_paragraphe\">\n<div class=\"h-text h-text-component style-880 style-local-1038-c185 position-relative h-element\" data-colibri-id=\"1038-c185\">\n<div class=\"\">\n<div id=\"description1\" class=\"tab-pane fade show active text_profile_paragraphe\" role=\"tabpanel\" aria-labelledby=\"description\">\n<div class=\"contenue_profile_paragraphe\">\n<div id=\"description1\" class=\"tab-pane fade show active text_profile_paragraphe\" role=\"tabpanel\" aria-labelledby=\"description\">\n<div class=\"contenue_profile_paragraphe\">\n<div id=\"description1\" class=\"tab-pane fade show active text_profile_paragraphe\" role=\"tabpanel\" aria-labelledby=\"description\">\n<div class=\"contenue_profile_paragraphe\"><strong>ATTRACTANT SPRAY<\/strong> est un spray non-toxique que tout professionnel de la d\u00e9ratisation doit int\u00e9grer dans sa boite \u00e0 outils.<br \/>\nCet a\u00e9rosol assure une triple fonction dans les environnements \u00e0 forte comp\u00e9tition alimentaire :<br \/>\n1- Il acc\u00e9l\u00e8re la d\u00e9tection des rats et souris en les attirant vers un chemin sp\u00e9cifique pour mieux les diriger vers les dispositifs de lutte pr\u00e9alablement install\u00e9s.<br \/>\n2- Appliqu\u00e9 directement sur les postes d\u2019app\u00e2tages (couvercle, entr\u00e9e, porte-app\u00e2t), il renforce la consommation des app\u00e2ts raticides mis en place et r\u00e9duit le d\u00e9lai habituel avant 1\u00e8re consommation.<br \/>\n3- En lutte \u00e9cologique, le taux de capture est plus \u00e9lev\u00e9 lorsqu&rsquo;il est pulv\u00e9ris\u00e9 sur les tapettes, autour des plaques collantes et dans les pi\u00e8ges m\u00e9caniques multi-capture ou EKOMILLE\u00ae.<strong>MODE D\u2019EMPLOI<\/strong> :<br \/>\nBien secouer avant application. Appliquer par sprays successifs sur les dispositifs de lutte et les passages identifi\u00e9s des nuisibles :<br \/>\n&#8211; 1 \u00e0 2 br\u00e8ves pressions par pi\u00e8ge (0,5 \u00e0 1ml)<br \/>\n&#8211; 2 \u00e0 3 br\u00e8ves pressions par poste d\u2019app\u00e2tage (couvercle, entr\u00e9es)<br \/>\n&#8211; 3 \u00e0 6 br\u00e8ves pressions le long des chemins (1,5 \u00e0 3 ml)<\/p>\n<p>ATTRACTANT SPRAY est rapidement d\u00e9tect\u00e9 par les rongeurs gr\u00e2ce \u00e0 son odeur caract\u00e9ristique. Le format a\u00e9rosol est tr\u00e8s pratique au quotidien car il facilite le dosage et d\u00e9pose rapidement un film qui reste attractif durant 10 \u00e0 20 jours (selon conditions).<br \/>\nATTRACTANT SPRAY ne t\u00e2che pas, et ne contient ni allerg\u00e8nes ni substances toxiques afin de garantir son utilisation en environnement sensible comme les industries agro-alimentaires.<\/p>\n<\/div>\n<\/div>\n<\/div>\n<\/div>\n<\/div>\n<\/div>\n<\/div>\n<\/div>\n<\/div>\n<\/div>\n<\/div>\n<\/div>\n<\/div>\n<\/div>\n<\/div>\n<\/div>\n<\/div>\n<\/div>\n<\/div>\n<\/div>\n","protected":false},"excerpt":{"rendered":"<div class=\"title_page_produit\">\n<h2>ATTRACTANT SPRAY<\/h2>\n<p>Pour les experts de la d\u00e9ratisation<\/p>\n<\/div>\n<div class=\"list_page_produit\">\n<ul>\n<li><strong>A\u00e9rosol \u00e0 l\u2019odeur irr\u00e9sistible pour rongeurs<\/strong><\/li>\n<li>Renforce l\u2019attractivit\u00e9 des app\u00e2ts et\/ou pi\u00e8ges<\/li>\n<li><strong>Sans substances toxiques et sans allerg\u00e8nes<\/strong><\/li>\n<li>Fait gagner un temps pr\u00e9cieux sur l\u2019app\u00e2tage<\/li>\n<\/ul>\n<\/div>\n","protected":false},"featured_media":2278,"comment_status":"open","ping_status":"closed","template":"","meta":{"site-sidebar-layout":"default","site-content-layout":"","ast-site-content-layout":"default","site-content-style":"default","site-sidebar-style":"default","ast-global-header-display":"","ast-banner-title-visibility":"","ast-main-header-display":"","ast-hfb-above-header-display":"","ast-hfb-below-header-display":"","ast-hfb-mobile-header-display":"","site-post-title":"","ast-breadcrumbs-content":"","ast-featured-img":"","footer-sml-layout":"","theme-transparent-header-meta":"default","adv-header-id-meta":"","stick-header-meta":"","header-above-stick-meta":"","header-main-stick-meta":"","header-below-stick-meta":"","astra-migrate-meta-layouts":"set","ast-page-background-enabled":"default","ast-page-background-meta":{"desktop":{"background-color":"","background-image":"","background-repeat":"repeat","background-position":"center center","background-size":"auto","background-attachment":"scroll","background-type":"","background-media":"","overlay-type":"","overlay-color":"","overlay-opacity":"","overlay-gradient":""},"tablet":{"background-color":"","background-image":"","background-repeat":"repeat","background-position":"center center","background-size":"auto","background-attachment":"scroll","background-type":"","background-media":"","overlay-type":"","overlay-color":"","overlay-opacity":"","overlay-gradient":""},"mobile":{"background-color":"","background-image":"","background-repeat":"repeat","background-position":"center center","background-size":"auto","background-attachment":"scroll","background-type":"","background-media":"","overlay-type":"","overlay-color":"","overlay-opacity":"","overlay-gradient":""}},"ast-content-background-meta":{"desktop":{"background-color":"var(--ast-global-color-5)","background-image":"","background-repeat":"repeat","background-position":"center center","background-size":"auto","background-attachment":"scroll","background-type":"","background-media":"","overlay-type":"","overlay-color":"","overlay-opacity":"","overlay-gradient":""},"tablet":{"background-color":"var(--ast-global-color-5)","background-image":"","background-repeat":"repeat","background-position":"center center","background-size":"auto","background-attachment":"scroll","background-type":"","background-media":"","overlay-type":"","overlay-color":"","overlay-opacity":"","overlay-gradient":""},"mobile":{"background-color":"var(--ast-global-color-5)","background-image":"","background-repeat":"repeat","background-position":"center center","background-size":"auto","background-attachment":"scroll","background-type":"","background-media":"","overlay-type":"","overlay-color":"","overlay-opacity":"","overlay-gradient":""}},"_themeisle_gutenberg_block_has_review":false,"_kadence_starter_templates_imported_post":false},"product_brand":[],"product_cat":[20,47],"product_tag":[],"class_list":{"0":"post-2277","1":"product","2":"type-product","3":"status-publish","4":"has-post-thumbnail","6":"product_cat-non-classe","7":"product_cat-phyto-san","8":"desktop-align-left","9":"tablet-align-left","10":"mobile-align-left","12":"first","13":"instock","14":"shipping-taxable","15":"product-type-simple"},"_links":{"self":[{"href":"https:\/\/phyto-san.com\/index.php?rest_route=\/wp\/v2\/product\/2277","targetHints":{"allow":["GET"]}}],"collection":[{"href":"https:\/\/phyto-san.com\/index.php?rest_route=\/wp\/v2\/product"}],"about":[{"href":"https:\/\/phyto-san.com\/index.php?rest_route=\/wp\/v2\/types\/product"}],"replies":[{"embeddable":true,"href":"https:\/\/phyto-san.com\/index.php?rest_route=%2Fwp%2Fv2%2Fcomments&post=2277"}],"wp:featuredmedia":[{"embeddable":true,"href":"https:\/\/phyto-san.com\/index.php?rest_route=\/wp\/v2\/media\/2278"}],"wp:attachment":[{"href":"https:\/\/phyto-san.com\/index.php?rest_route=%2Fwp%2Fv2%2Fmedia&parent=2277"}],"wp:term":[{"taxonomy":"product_brand","embeddable":true,"href":"https:\/\/phyto-san.com\/index.php?rest_route=%2Fwp%2Fv2%2Fproduct_brand&post=2277"},{"taxonomy":"product_cat","embeddable":true,"href":"https:\/\/phyto-san.com\/index.php?rest_route=%2Fwp%2Fv2%2Fproduct_cat&post=2277"},{"taxonomy":"product_tag","embeddable":true,"href":"https:\/\/phyto-san.com\/index.php?rest_route=%2Fwp%2Fv2%2Fproduct_tag&post=2277"}],"curies":[{"name":"wp","href":"https:\/\/api.w.org\/{rel}","templated":true}]}}